the highest common divisor of 50679 and 38570473.
1877
What is the highest common divisor of 316624 and 4488?
88
Calculate the highest common divisor of 486219851 and 13.
13
What is the highest common factor of 12883 and 13786792?
991
What is the greatest common divisor of 680 and 755?
5
Calculate the greatest common divisor of 33839757 and 1407.
1407
What is the highest common factor of 618 and 15837?
3
Calculate the greatest common factor of 1251 and 527889196.
139
Calculate the greatest common divisor of 1635 and 4490340.
15
What is the greatest common factor of 203556370 and 10?
10
What is the greatest common factor of 232 and 18256080?
232
What is the greatest common divisor of 359 and 121427083?
359
What is the highest common factor of 16623 and 19284527?
1847
Calculate the highest common divisor of 8915477 and 141.
47
What is the greatest common divisor of 3421 and 7868611?
311
Calculate the highest common factor of 470393 and 1056.
11
What is the highest common divisor of 219872 and 1056?
32
Calculate the greatest common factor of 88704 and 3485196.
396
What is the greatest common divisor of 269100 and 240450?
150
Calculate the greatest common factor of 47864 and 188561.
193
Calculate the highest common divisor of 6 and 302230.
2
Calculate the greatest common divisor of 363561 and 165.
33
What is the greatest common factor of 140 and 715436?
4
What is the greatest common factor of 9462 and 114?
114
What is the highest common factor of 1849812 and 104?
4
Calculate the greatest common factor of 55 and 20801660.
55
What is the highest common factor of 139643 and 13902?
7
What is the greatest common factor of 666401 and 631?
1
Calculate the greatest common factor of 426439 and 3.
1
What is the highest common divisor of 252 and 193352?
4
What is the greatest common divisor of 1165 and 650935?
5
Calculate the highest common factor of 426299 and 3007559.
3911
Calculate the highest common divisor of 8320401 and 739.
739
Calculate the greatest common factor of 4705 and 4200.
5
What is the greatest common factor of 11105800 and 200?
200
What is the greatest common factor of 88528 and 2008688?
176
What is the highest common divisor of 4983516 and 510?
102
Calculate the greatest common divisor of 32148381 and 5287.
311
What is the highest common divisor of 119137969 and 1337?
191
Calculate the highest common factor of 169081116 and 408.
204
Calculate the greatest common divisor of 68 and 122229677.
17
What is the highest common divisor of 2722773 and 70464?
1101
Calculate the greatest common divisor of 17020 and 15799.
37
Calculate the greatest common factor of 31709678 and 55.
11
Calculate the greatest common divisor of 31719376 and 1976.
104
What is the greatest common divisor of 3 and 23724039?
3
Calculate the highest common divisor of 6000 and 4600875.
375
What is the greatest common factor of 4205650 and 850?
50
Calculate the greatest common divisor of 9655730 and 2030.
70
Calculate the greatest common factor of 7973 and 1185163.
469
Calculate the greatest common divisor of 68523983 and 51799.
3047
What is the highest common factor of 557767560 and 42?
42
What is the highest common divisor of 116280 and 3989560?
680
What is the highest common divisor of 27048515 and 923?
923
What is the greatest common divisor of 2511 and 184791?
93
Calculate the greatest common divisor of 324 and 3018024.
36
What is the greatest common factor of 1278923042 and 310?
62
Calculate the highest common divisor of 6892478 and 1178.
1178
What is the greatest common factor of 1862883 and 165?
33
Calculate the greatest common factor of 9075618 and 2916.
54
Calculate the highest common divisor of 928543 and 210056.
2387
Calculate the greatest common factor of 82 and 588320890.
82
What is the greatest common divisor of 1027384936 and 488?
488
Calculate the highest common divisor of 25513 and 248806.
31
What is the highest common divisor of 14489458 and 1060?
106
Calculate the greatest common divisor of 381380 and 5680.
20
Calculate the highest common divisor of 73883 and 3.
1
Calculate the highest common divisor of 152364810 and 1339.
1339
Calculate the highest common divisor of 254020 and 51740.
260
Calculate the highest common divisor of 3687981 and 3796771.
10879
What is the highest common divisor of 304 and 1040782?
38
Calculate the greatest common factor of 35437452 and 1326.
102
What is the highest common divisor of 5942430 and 260?
130
Calculate the greatest common divisor of 19307 and 92943.
449
What is the highest common factor of 1332 and 676212?
444
Calculate the highest common factor of 152 and 113732.
4
Calculate the greatest common factor of 3836 and 292222.
14
What is the greatest common factor of 2042 and 15584?
2
What is the highest common factor of 34 and 2643313?
17
What is the highest common factor of 1143225 and 1575?
225
What is the greatest common divisor of 143 and 45255353?
143
What is the highest common factor of 8601 and 94254693?
141
What is the highest common factor of 707832 and 16008?
696
What is the highest common factor of 31700273 and 29216?
913
Calculate the greatest common factor of 1672769959 and 889.
889
Calculate the greatest common divisor of 1650906 and 1476.
738
What is the greatest common factor of 20 and 20409670?
10
What is the highest common divisor of 1764473 and 836?
19
What is the greatest common factor of 96 and 29973984?
96
What is the greatest common factor of 2983829 and 39125?
313
What is the greatest common factor of 31725763 and 1805?
361
What is the highest common divisor of 601448 and 64?
8
Calculate the greatest common factor of 4511309 and 143.
11
What is the greatest common divisor of 2556900 and 935636?
3788
Calculate the highest common factor of 5680 and 589964560.
5680
What is the highest common factor of 38588940 and 2080?
260
Calculate the highest common factor of 1747688 and 8.
8
Calculate the greatest common divisor of 185 and 386908815.
185
Calculate the greatest common divisor of 402 and 11774379.
201
Calculate the highest common factor of 67648 and 40971434.
2114
What is the highest common factor of 188 and 211108?
4
What is the highest common factor of 152309626 and 118925?
4757
Calculate the greatest common factor of 9796040 and 200.
40
What is the greatest common divisor of 312661040 and 13605?
4535
What is the greatest common factor of 5772 and 445692?
156
What is the greatest common factor of 18538366 and 180272?
1186
Calculate the greatest common divisor of 148695 and 82732605.
6465
Calculate the highest common factor of 5416260 and 5520.
60
What is the greatest common factor of 849126 and 35346?
822
Calculate the highest common divisor of 109720 and 53560.
520
What is the greatest common divisor of 990608 and 2032?
16
What is the highest common factor of 4 and 4345036?
4
Calculate the greatest common divisor of 170872 and 9805.
53
What is the highest common divisor of 62 and 83361?
1
Calculate the greatest common divisor of 135873780 and 180.
60
Calculate the greatest common factor of 149344 and 207502.
718
What is the highest common factor of 18471069 and 284517?
2817
What is the highest common divisor of 280517340 and 16320?
1020
Calculate the highest common factor of 2684318 and 473.
43
Calculate the highest common factor of 731621130 and 15528.
3882
What is the highest common divisor of 230 and 5245265?
115
Calculate the greatest common divisor of 120 and 801208.
8
What is the highest common factor of 768 and 17487360?
768
Calculate the highest common factor of 23300525 and 25.
25
Calculate the highest common factor of 6135862456 and 2216.
2216
Calculate the greatest common factor of 6 and 1338709854.
6
What is the highest common divisor of 126714 and 12936?
294
Calculate the greatest common factor of 3138318 and 180881.
653
What is the highest common divisor of 535598 and 81082?
1142
Calculate the greatest common factor of 236635491 and 134.
67
Calculate the greatest common divisor of 117162 and 11320.
566
Calculate the greatest common factor of 175991892 and 12.
12
What is the greatest common factor of 60 and 124034895?
15
Calculate the greatest common factor of 1742444 and 66068.
796
What is the highest common factor of 132222 and 282?
6
Calculate the greatest common factor of 5679